{"id":256,"date":"2019-11-27T16:48:08","date_gmt":"2019-11-27T15:48:08","guid":{"rendered":"http:\/\/squashrhone.com\/?page_id=256"},"modified":"2019-11-27T16:48:08","modified_gmt":"2019-11-27T15:48:08","slug":"cours-de-squash","status":"publish","type":"page","link":"https:\/\/squashrhone.com\/index.php\/cours-de-squash\/","title":{"rendered":"COURS DE SQUASH"},"content":{"rendered":"\n<p>Vous voulez progresser, pourquoi ne pas prendre un cours de squash&nbsp;?<\/p>\n\n\n\n<p>D\u00e9riv\u00e9 du Jeu de Paume, le squash trouve ses origines en Angleterre au XIXe si\u00e8cle. Comme n\u2019importe quel sport, il pr\u00e9sente&nbsp; de multiples bienfaits notamment&nbsp;:<\/p>\n\n\n\n<ul class=\"wp-block-list\"><li>Renforcer vos muscles<\/li><li>D\u00e9velopper votre souplesse, votre vitesse, la coordination de vos mouvements<\/li><li>Br\u00fbler des calories, affiner votre ligne<\/li><li>Augmenter vos capacit\u00e9s cardiovasculaires<\/li><li>Am\u00e9liorer votre endurance<\/li><li>Prendre un cours de squash collectif, c\u2019est aussi se faire plaisir tout en nouant de nouveaux liens. Le court de squash est l\u2019endroit id\u00e9al pour se d\u00e9fouler et oublier le stress.<\/li><\/ul>\n\n\n\n<p>L\u2019Association Squash Rhone vous propose des cours collectifs ou individuels en fonction de votre niveau. N\u2019h\u00e9sitez pas \u00e0 nous contacter pour que nous puissions vous donner plus de renseignements, et trouver le cours qui vous convient<\/p>\n\n\n\n<p>Par mail :&nbsp;<a href=\"mailto:contact@squashrhone.com\">contact@squashrhone.com<\/a><\/p>\n\n\n\n<p>Mobile : 06 88 71 29 73 &#8211; 06 49 40 93 45&nbsp;<\/p>\n","protected":false},"excerpt":{"rendered":"<p>Vous voulez progresser, pourquoi ne pas prendre un cours de squash&nbsp;? D\u00e9riv\u00e9 du Jeu de Paume, le squash trouve ses origines en Angleterre au XIXe si\u00e8cle. Comme n\u2019importe quel sport, <a class=\"more-link\" href=\"https:\/\/squashrhone.com\/index.php\/cours-de-squash\/\">Lire la suite \u2192<\/a><\/p>\n","protected":false},"author":2,"featured_media":0,"parent":0,"menu_order":0,"comment_status":"closed","ping_status":"closed","template":"","meta":{"footnotes":""},"class_list":["post-256","page","type-page","status-publish","hentry"],"_links":{"self":[{"href":"https:\/\/squashrhone.com\/index.php\/wp-json\/wp\/v2\/pages\/256","targetHints":{"allow":["GET"]}}],"collection":[{"href":"https:\/\/squashrhone.com\/index.php\/wp-json\/wp\/v2\/pages"}],"about":[{"href":"https:\/\/squashrhone.com\/index.php\/wp-json\/wp\/v2\/types\/page"}],"author":[{"embeddable":true,"href":"https:\/\/squashrhone.com\/index.php\/wp-json\/wp\/v2\/users\/2"}],"replies":[{"embeddable":true,"href":"https:\/\/squashrhone.com\/index.php\/wp-json\/wp\/v2\/comments?post=256"}],"version-history":[{"count":1,"href":"https:\/\/squashrhone.com\/index.php\/wp-json\/wp\/v2\/pages\/256\/revisions"}],"predecessor-version":[{"id":257,"href":"https:\/\/squashrhone.com\/index.php\/wp-json\/wp\/v2\/pages\/256\/revisions\/257"}],"wp:attachment":[{"href":"https:\/\/squashrhone.com\/index.php\/wp-json\/wp\/v2\/media?parent=256"}],"curies":[{"name":"wp","href":"https:\/\/api.w.org\/{rel}","templated":true}]}}